424
In base 10, what is -15 + -4306421?
-4306436
In base 15, what is -5ead - -47a4?
-1709
In base 11, what is -48256 - 853?
-48aa9
In base 16, what is 5f01392 + -2?
5f01390
In base 9, what is 1423 - -7070?
8503
In base 6, what is 5215004 - 13?
5214551
In base 15, what is -52 - -4c9e3?
4c991
In base 3, what is 2 + 211000122120110?
211000122120112
In base 6, what is -5 + -242305450?
-242305455
In base 6, what is -303522532 + 14?
-303522514
In base 14, what is -d00bb + -d?
-d00ca
In base 9, what is 2605 + 734?
3440
In base 9, what is 258523012 + -1?
258523011
In base 13, what is 36 - 96b11?
-96aa8
In base 3, what is 122002 + 1200211?
2022220
In base 2, what is 1 + -10111000110111111110?
-10111000110111111101
In base 5, what is 334024 + -2323?
331201
In base 13, what is 168082b + 1?
168082c
In base 16, what is 28747 - -11?
28758
In base 4, what is -1321203212 - 2?
-1321203220
In base 13, what is -b5b10a3 - 0?
-b5b10a3
In base 11, what is -3 - 30902a4?
-30902a7
In base 5, what is 13313 + -111442?
-43124
In base 9, what is -2 - -6483433?
6483431
In base 12, what is 456b3b + 18?
456b57
In base 15, what is 1cd8ecb + -5?
1cd8ec6
In base 15, what is -18a6658 - -4?
-18a6654
In base 7, what is -202565406 + -16?
-202565425
In base 12, what is -58393 - 120?
-584b3
In base 10, what is -8567249 - 44?
-8567293
In base 8, what is 3 + -40631703?
-40631700
In base 14, what is 2b + 3729?
3756
In base 8, what is -10751 + 55323?
44352
In base 4, what is 133 + -3023111?
-3022312
In base 6, what is -2052034552 - 10?
-2052035002
In base 2, what is -100111 - -10001100011001110000101?
10001100011001101011110
In base 10, what is 37271287 - 0?
37271287
In base 9, what is -6335 + 341402?
334056
In base 14, what is -28b3da + -3?
-28b3dd
In base 9, what is 42 + -463104?
-463052
In base 2, what is -1000111 - -101000111000010101011010?
101000111000010100010011
In base 15, what is -4 + 1e3d42?
1e3d3d
In base 3, what is 12101210112 - 21?
12101210021
In base 13, what is 35 + 3610c10?
3610c45
In base 16, what is 1c8 - -5512?
56da
In base 6, what is -52230253 + -124?
-52230421
In base 6, what is 1315040205 + 4?
1315040213
In base 2, what is 11 - -11111110111011100000101001?
11111110111011100000101100
In base 7, what is 5321 + -523?
4465
In base 12, what is -494bb025 - -5?
-494bb020
In base 4, what is -11 + 2311001310033?
2311001310022
In base 4, what is -31023312112301 + 3?
-31023312112232
In base 9, what is 5531 + -21357?
-14726
In base 5, what is 2421333 + 14320?
2441203
In base 11, what is 2 - 393a6?
-393a4
In base 14, what is -2 - -346c3cd?
346c3cb
In base 7, what is -1520011 + 245?
-1516433
In base 11, what is 487780 + -34?
487747
In base 9, what is -4 + 6054827?
6054823
In base 15, what is -e7339 + -318?
-e7652
In base 16, what is -2 - -cce38?
cce36
In base 7, what is 5 - -240253556?
240253564
In base 5, what is 1304030 - 44?
1303431
In base 2, what is 10010 - 1100010000110111011110000?
-1100010000110111011011110
In base 11, what is -23 - 566110?
-566133
In base 8, what is -26 - 61206623?
-61206651
In base 5, what is 134032 - -44212?
233244
In base 10, what is 153731 + -1?
153730
In base 11, what is -7793 - -1017a?
3497
In base 11, what is 20a11a017 - 3?
20a11a014
In base 6, what is -1352222113 + 2?
-1352222111
In base 7, what is -16315332 - 2?
-16315334
In base 5, what is 30142321 - 1413?
30140403
In base 2, what is 101010111101 - 1110111010011?
-1001100010110
In base 14, what is 543a + 65?
54a1
In base 12, what is -b35932 - -b2?
-b35840
In base 15, what is -d90a + -2dc?
-dbe7
In base 16, what is 5 - -3d947?
3d94c
In base 12, what is -12 - 4b924?
-4b936
In base 12, what is -60365 - -143?
-60222
In base 14, what is -1 + -1490dc?
-1490dd
In base 8, what is 63101 + 331?
63432
In base 6, what is -2 - 104153502?
-104153504
In base 5, what is -3233104300 - -20?
-3233104230
In base 5, what is -4244111240 - 2?
-4244111242
In base 13, what is -5c9cc - -544?
-5c488
In base 11, what is 887 + 2541?
3318
In base 12, what is 18963b5b - -2?
18963b61
In base 2, what is 1010101011110 + -1111100101101?
-100111001111
In base 16, what is -eaef0 + -1eb?
-eb0db
In base 16, what is 1 + c950e34?
c950e35
In base 5, what is -104431 + -210443?
-320424
In base 10, what is -20 - 1606073?
-1606093
In base 8, what is -10 + -51014737?
-51014747
In base 2, what is -10000101101110 + 1010100111101?
-110000110001
In base 14, what is 2d70 - a2?
2cac
In base 8, what is 424 - -736254?
736700
In base 14, what is 112 + 104c4?
105d6
In base 16, what is -1d15 + -360?
-2075
In base 14, what is -2bbda9c - 6?
-2bbdaa4
In base 5, what is -142141140 - -1?
-142141134
In base 12, what is -b37b + -1315?
-10694
In base 8, what is -1533447 - 143?
-1533612
In base 2, what is 10111110101 - -1110110010111000?
1111001010101101
In base 16, what is 912b + 627?
9752
In base 8, what is 2 + 31664672?
31664674
In base 13, what is 88c41 - -207?
89148
In base 2, what is 110101011000110 + -101111010?
110100101001100
In base 4, what is 112 - -1120221310?
1120222022
In base 10, what is 27 + -92964?
-92937
In base 7, what is -13 - -2011?
1665
In base 5, what is -2023143 - 242?
-2023440
In base 16, what is 565 + 2489?
29ee
In base 4, what is -110221 - -2231132?
2120311
In base 5, what is -424 + 3303143?
3302214
In base 7, what is 66163006 + -10?
66162666
In base 15, what is 1115 - 2964?
-184e
In base 8, what is 212 + 131423?
131635
In base 14, what is a - -bbc33c1?
bbc33cb
In base 15, what is d9 - -320?
409
In base 2, what is 0 - 1000111110110010101100001?
-1000111110110010101100001
In base 14, what is -1342c09 + -7?
-1342c12
In base 16, what is -cf0 - 35a?
-104a
In base 12, what is -1523 - 537?
-1a5a
In base 5, what is -1413221000 - -304?
-1413220141
In base 7, what is 113600 + 4116?
121016
In base 13, what is -1857 - -1b35?
2ab
In base 2, what is -1110100100100110011 - 10010?
-1110100100101000101
In base 15, what is 5 + 33d888c?
33d8892
In base 10, what is 180484 + -3?
180481
In base 4, what is 3 - 112022021311?
-112022021302
In base 12, what is -5 + 774786?
774781
In base 11, what is 40 + 583441?
583481
In base 5, what is -3043 + -30342120?
-30400213
In base 13, what is -1049 + -28a9?
-3925
In base 16, what is 37882 + -207?
3767b
In base 16, what is 4d665 + 47?
4d6ac
In base 14, what is 400 + 132dcb?
1333cb
In base 15, what is 53c4e5b + 3?
53c4e5e
In base 3, what is 200 - -21220012022?
21220012222
In base 14, what is -2d950d + -3d?
-2d954c
In base 2, what is 11 - -100100110011010100010010?
100100110011010100010101
In base 3, what is 1101011 - 10000020200?
-2221212112
In base 15, what is 5a80 + -23d?
5842
In base 13, what is -20 - -226336?
226316
In base 3, what is -1122102011 - 10?
-1122102021
In base 16, what is 1205 + -36e?
e97
In base 7, what is 4 + -1133255436?
-1133255432
In base 11, what is 2393196 + 11?
23931a7
In base 15, what is -8c + -ddd?
-e7a
In base 9, what is -363884 - -108?
-363775
In base 7, what is 3642466 + -1?
3642465
In base 7, what is 1243 - 10164451?
-10163205
In base 8, what is 32 + -1042717?
-1042665
In base 6, what is -311414344 + 13?
-311414331
In base 11, what is -45a3 + 5775?
1182
In base 5, what is -1012141310 - 24?
-1012141334
In base 5, what is -4042221 + -241012?
-4333233
In base 15, what is -332934ed - -2?
-332934eb
In base 14, what is 4 - -966286?
96628a
In base 6, what is -4040 + -20531000?
-20535040
In base 16, what is 36 + -762ad?
-76277
In base 12, what is -163 + -103a107?
-103a26a
In base 6, what is 40114120 + 23?
40114143
In base 11, what is 4277324 + -95?
427723a
In base 2, what is 1001 + 1101110010101000010100?
1101110010101000011101
In base 3, what is -22212021011 - 101?
-22212021112
In base 8, what is 64271642 - -3?
64271645
In base 13, what is 0 - 14c83523?
-14c83523
In base 11, what is -3 - 5a61557?
-5a6155a
In base 3, what is -2 - 2202110021021012?
-2202110021021021
In base 15, what is 7ab - 2ed70?
-2e5b4
In base 14, what is -229 - 309a?
-32c5
In base 2, what is -10 - 101101111111011111111100?
-101101111111011111111110
In base 2, what is -101110100111110010011 - 1?
-101110100111110010100
In base 7, what is -3 - -1315224?
1315221
In base 9, what is 24 + 1051267?
1051302
In base 4, what is -1 + 11303212110322?
11303212110321
In base 7, what is -142353 - -23242?
-116111
In base 11, what is -1a